{"id":1861,"date":"2015-05-24T21:55:48","date_gmt":"2015-05-24T19:55:48","guid":{"rendered":"http:\/\/www.grandtour.at\/main\/?page_id=1861"},"modified":"2015-05-24T21:55:48","modified_gmt":"2015-05-24T19:55:48","slug":"visabeschaffung","status":"publish","type":"page","link":"http:\/\/www.christophulbrich.at\/grandtour\/grand-tour\/visabeschaffung\/","title":{"rendered":"Visabeschaffung"},"content":{"rendered":"<p><strong>T\u00fcrkei<br \/>\n<\/strong><\/p>\n<p>Deutsche brauchen kein Visum. \u00d6sterreicherInnen bekommen ein 3-Monats-Touristen-Visum problemlos an der Grenze. Kostenpunkt:15 Euro.<\/p>\n<p><strong>Iran<br \/>\n<\/strong><\/p>\n<p>Das Iran-Visum haben wir in Wien beantragt. Das ganze l\u00e4uft relativ problemlos. Man gibt Antragsformular, Passkopie und Passfoto in der Botschaft ab. Etwa 3-4 Wochen sp\u00e4ter (die Visaantr\u00e4ge werden zur Bearbeitung nach Teheran geschickt) geht man wieder hin und gibt nun den Pass ab. Im allgemeinen bekommt man ein Visum f\u00fcr 30 Tage. Wir haben erkl\u00e4rt, dass wir mit dem Fahrrad unterwegs sind und ein Visum f\u00fcr 60 Tage bekommen. Eine Woche sp\u00e4ter kann man den Pass samt Visum wieder abholen. Kostenpunkt: 60 Euro. Das Visum ist ab Ausstellung 3 Monate g\u00fcltig, das hei\u00dft, man muss in diesem Zeitraum einreisen. Ab der Einreise kann man dann 30 bzw. 60 Tage im Iran bleiben.<\/p>\n<p><strong>Turkmenistan Visum <\/strong>(Transit-Visum in Teheran)<\/p>\n<p>Ein Touristen-Visum zu bekommen ist praktisch unm\u00f6glich \u2013 geht nur in einer organisierten Gruppenreise. Das Transitvisum kann man entweder schon in Wien beantragen oder in der Botschaft in Teheran oder im Konsulat in Mashad. Wir haben es in Teheran beantragt.<br \/>\nBen\u00f6tigt werden:<br \/>\n1 Kopie des Passes<br \/>\n1 Kopie des Iran-Visums<br \/>\n1 Kopie des Usbekistan-Visums<\/p>\n<p><em>Schritt 1:<\/em><br \/>\nMan gibt Passkopie und Kopie des Usbekistan-Visums in der Botschaft ab. Antragsformular gibt es keines, Best\u00e4tigung gibt es auch keine. Bearbeitungszeit ist, wenn alles gut geht, 4-5 Tage (Express) oder 10 Tage (normal) \u2013 Bei uns ist nicht alles gut gegangen!<\/p>\n<p>ACHTUNG NEUE ADRESSE: Barati Alley 5, Vatanpoor Street, Farmanieh<br \/>\nNEUE TELEFONNUMMER: (021) 222 06731, (021) 222 06732<br \/>\n\u00d6ffnungszeiten: So-Do, jeweils 9:30-11.30 (oder 12:00) Uhr.<br \/>\nKoordinaten f\u00fcrs GPS: N 35. 48.269&#8242; E 51. 27.148&#8242;<\/p>\n<p><em>Schritt 2:<\/em><br \/>\nF\u00fcnf Tage sp\u00e4ter geht man wieder hin, gibt den Pass ab und einen Tag sp\u00e4ter kann man das ganze dann abholen \u2013 theoretisch. Wir waren nach 7 Tagen dort und unser Antrag war aus Ashgabat noch nicht zur\u00fcck. Der Konsul hat gemeint, wir sollen mal in 2-3 Tagen wieder kommen oder gleich (mit der Visa\/Bearbeitungs-Nummer, die er uns gegeben hat) nach Mashad fahren und das Visum einfach dort abholen.<\/p>\n<p><em>Schritt 2b:<\/em><br \/>\nWir waren 9 Tage nach Abgabe der Unterlagen in Teheran beim Konsulat in Mashad und wurden zuerst weggeschickt. Der Antrag ist noch nicht zur\u00fcck aus Ashgabat. Und \u00fcberhaupt sollten wir das ganze in Teheran holen. Der Konsul spricht (anders als im Lonely Planet steht) ganz ordentlich englisch. Wir sind hartn\u00e4ckig geblieben. Er hat ein bisschen im Computer gesucht, zwei Mal telefoniert und eine halbe Stunde sp\u00e4ter klebte das Visum im Pass (Kostenpunkt 55$) &#8211; man muss aber alles noch mal abgeben: Ausgef\u00fclltes Formular, Passfotos, Passkopien und und Kopie des Usbekistan-Visum.<br \/>\nEs werden nur US-Dollar angenommen. Die Scheine m\u00fcssen tats\u00e4chlich druckfrisch sein und man sollte den exakten Betrag dabei haben. Es gibt kein Wechselgeld. Das Visum gilt f\u00fcr 5 Tage, der Einreisetag muss exakt angegeben werden!<\/p>\n<p><strong>Usbekistan <\/strong><\/p>\n<p>Das Usbekistan-Visum haben wir in Wien beantragt. Das ganze l\u00e4uft relativ problemlos. Man gibt Antragsformular, Passkopie und Passfoto in der Botschaft ab. Eine Woche sp\u00e4ter geht man wieder hin und das Visum wird in den Pass geklebt. Das Visum gilt f\u00fcr genau definierte 30 Tage (also nicht erst ab der Einreise). Wer sp\u00e4ter einreist, kann weniger lang im Land bleiben. Kostenpunkt: 60 Euro.<\/p>\n<p><strong>Kirgisistan<\/strong><\/p>\n<p>Das Kirgisistan-Visum haben wir in Wien beantragt. Das ganze l\u00e4uft relativ problemlos. Man gibt Antragsformular, Passkopie, Passfoto und original Pass in der Botschaft ab. Eine Woche sp\u00e4ter geht man wieder hin und holt sich den Pass ab \u2013\u00a0das Visum gilt f\u00fcr genau definierte 30 Tage (also nicht erst ab der Einreise). Wer sp\u00e4ter einreist, kann weniger lang im Land bleiben. Kostenpunkt: 55 Euro.<\/p>\n<p><strong>China (Visum in Teheran)<\/strong><\/p>\n<p>Weil viele Reisende immer wieder Probleme mit der Visabeschaffung f\u00fcr China haben, hier unser \u201eHow to&#8220; (Stand August 2009):<\/p>\n<p>Ben\u00f6tigt werden:<br \/>\nPass<br \/>\n1 Kopie des Passes<br \/>\n1 Kopie des Iran-Visums<br \/>\n1 Visaantrag mit angehefteten Passfoto<br \/>\n1 Empfehlungsschreiben des Heimatlandes<\/p>\n<p><em>Schritt 1:<\/em><br \/>\nZur \u00f6sterreichischen Botschaft und ein Empfehlungsschreiben holen. Im Prinzip kann das jede Botschaft eines Schengenlandes machen \u2013 uns schien aber die \u00f6sterreichische Botschaft am sinnvollsten. Wartezeit ca. eine halbe Stunde, Kostenpunkt: 600.000 Rial (= ca. 45 Euro)<\/p>\n<p>\u00d6ffnungszeiten: So-Do, jeweils 8-12 Uhr<br \/>\nAdresse: Bahonarstr., Moghaddasistr., Zamanistr., Mirvali 11 (versteckt und schwer zu finden)<br \/>\nKoordinaten f\u00fcrs GPS: N 35. 48.813&#8242; E 51. 26.217&#8242;<\/p>\n<p>Die deutsche Botschaft ist in der Ferdosi Street, Ecke Jomhoeri Eslami<br \/>\nKoordinaten f\u00fcrs GPS: N 35. 41.585 E 51. 25.194&#8242;<\/p>\n<p><em>Schritt 2:<\/em><br \/>\nAntragsformular aus dem Internet <a href=\"http:\/\/ir.chineseembassy.org\/eng\/lsfw\/t541075.htm\" target=\"_blank\">herunterladen<\/a> und ausf\u00fcllen!\u00a0 Hier sind schon mal die ersten Fallstricke. Das Antragsformular muss am Computer ausgef\u00fcllt und dann ausgedruckt werden \u2013 und zwar auf einem beidseitig bedruckten Blatt Papier. Formulare, die auf zwei Seiten bedruckt oder mit der Hand ausgef\u00fcllt sind, werden nicht angenommen (das gilt unseren Beobachtungen nach nur f\u00fcr Ausl\u00e4nder. Iraner d\u00fcrfen auch mit der Hand ausf\u00fcllen). Die Formulare m\u00fcssen peinlich genau ausgef\u00fcllt werden und d\u00fcrfen nicht ver\u00e4ndert werden. Das selbe gilt f\u00fcr die Passkopien. Ist auf einer Passkopie eine Notiz oder auch nur eine Hervorhebung mit einem Leuchtstift, wird die Kopie nicht angenommen.<br \/>\nTipp 1:<br \/>\nBevor man sich im Internetcafe mit fehlenden Acrobat-Readern oder schlechten Druckern herumschl\u00e4gt, empfiehlt sich der Gang zur Visaagentur 300 Meter von der chinesischen Botschaft entfernt. (GPS-Koordinaten: N 35. 48.000&#8242; E 51. 28.468&#8242;) Dort kann man auch alle Kopien machen und das Antragsformular wird richtig ausgef\u00fcllt und richtig ausgedruckt (Kostenpunkt: 40.000 Rial = 3 Euro)<br \/>\nTipp 2:<br \/>\nBeim Ausf\u00fcllen der Besuchsorte lieber keine allzu exotischen Ziele w\u00e4hlen. Besser: Peking, Xian, Shanghai, Hong Kong etc. wobei im Computerformular ohnehin nur Platz f\u00fcr 4-5 Orte ist, selbst wenn man, so wie wir, 65 Tage bleiben m\u00f6chte.<\/p>\n<p><em>Schritt 3:<\/em><br \/>\nDamit geht man jetzt zur Botschaft.<br \/>\nAdresse: No. 13, Narenjestan 7 th, Pasdaran Avenue, Tehran, Iran<br \/>\n\u00d6ffnungszeiten: So, Di, Do, jeweils 9-12:30 Uhr.<br \/>\nKoordinaten f\u00fcrs GPS: N 35. 47.928&#8242; E 51. 28.609&#8242;<\/p>\n<p>Nat\u00fcrlich geht man in der Fr\u00fch hin. Iraner stehen da schon mal 3-4 Stunden in der Schlange. F\u00fcr Ausl\u00e4nder gibt es aber einen eigenen Schalter und so geht das ganze dann doch recht flott. Angekreuzt haben wir in einem Anfall von westlicher \u00dcberheblichkeit am Formular ein Double-Entry Visa f\u00fcr 6 Monate. Man hat uns dann die Wahl gelassen: entweder 30 Tage\/Double Entry oder 60 Tage\/Single Entry.<br \/>\nMan gibt den Pass ab und erh\u00e4lt eine Best\u00e4tigung, dass man den Pass (bei Express) 2 Tage sp\u00e4ter wieder abholen kann. Mit diesem rosa Zettel geht man jetzt zur Bank Melli (iranische Staats-Bank) gleich um die Ecke (GPS-Koordinaten: N 35. 47.834&#8242; E 51. 28.522&#8242;) und zahlt die Geb\u00fchr ein. Kostenpunkt Expressvisum: 700.000 Rial (=50 Euro)<\/p>\n<p><em>Schritt 4:<\/em><br \/>\nMit rosa Zettel und Zahlungsbeleg geht man zwei Tage sp\u00e4ter (diesmal nicht in der Fr\u00fch sondern um 14:00) zur Botschaft und holt \u2013 wenn alles geklappt hat \u2013 Pass samt Visum ab.<\/p>\n<p>Das Visum ist ab Ausstellung 90 Tage g\u00fcltig (nicht, wie man oft liest, nur 50 Tage!). Ab der Einreise kann man dann 60 Tage in China bleiben. Eine Verl\u00e4ngerung um 30 Tage ist angeblich in jedem \u201ePublic Security Bureau&#8220; (in jeder gr\u00f6\u00dferen Stadt) problemlos m\u00f6glich.<\/p>\n<p>Nach Flugtickets oder Hotelreservierungen hat niemand gefragt, auch nicht, ob wir \u00fcber den Landweg einreisen wollen \u2013 daher am besten auch einfach nicht erw\u00e4hnen!<\/p>\n","protected":false},"excerpt":{"rendered":"<p>T\u00fcrkei Deutsche brauchen kein Visum. \u00d6sterreicherInnen bekommen ein 3-Monats-Touristen-Visum problemlos an der Grenze. Kostenpunkt:15 Euro. Iran Das Iran-Visum haben wir in Wien beantragt. Das ganze l\u00e4uft relativ problemlos. Man gibt Antragsformular, Passkopie und Passfoto in der Botschaft ab. Etwa 3-4 Wochen sp\u00e4ter (die Visaantr\u00e4ge werden zur Bearbeitung nach Teheran geschickt) geht man wieder hin und [&hellip;]<\/p>\n","protected":false},"author":3,"featured_media":0,"parent":1850,"menu_order":4,"comment_status":"open","ping_status":"open","template":"","meta":{"ngg_post_thumbnail":0,"footnotes":""},"_links":{"self":[{"href":"http:\/\/www.christophulbrich.at\/grandtour\/wp-json\/wp\/v2\/pages\/1861"}],"collection":[{"href":"http:\/\/www.christophulbrich.at\/grandtour\/wp-json\/wp\/v2\/pages"}],"about":[{"href":"http:\/\/www.christophulbrich.at\/grandtour\/wp-json\/wp\/v2\/types\/page"}],"author":[{"embeddable":true,"href":"http:\/\/www.christophulbrich.at\/grandtour\/wp-json\/wp\/v2\/users\/3"}],"replies":[{"embeddable":true,"href":"http:\/\/www.christophulbrich.at\/grandtour\/wp-json\/wp\/v2\/comments?post=1861"}],"version-history":[{"count":1,"href":"http:\/\/www.christophulbrich.at\/grandtour\/wp-json\/wp\/v2\/pages\/1861\/revisions"}],"predecessor-version":[{"id":1862,"href":"http:\/\/www.christophulbrich.at\/grandtour\/wp-json\/wp\/v2\/pages\/1861\/revisions\/1862"}],"up":[{"embeddable":true,"href":"http:\/\/www.christophulbrich.at\/grandtour\/wp-json\/wp\/v2\/pages\/1850"}],"wp:attachment":[{"href":"http:\/\/www.christophulbrich.at\/grandtour\/wp-json\/wp\/v2\/media?parent=1861"}],"curies":[{"name":"wp","href":"https:\/\/api.w.org\/{rel}","templated":true}]}}