{"id":42,"date":"2009-03-04T19:27:11","date_gmt":"2009-03-04T18:27:11","guid":{"rendered":"http:\/\/www.grandtour.at\/?page_id=42"},"modified":"2009-03-15T20:03:39","modified_gmt":"2009-03-15T19:03:39","slug":"usa-07","status":"publish","type":"page","link":"http:\/\/www.christophulbrich.at\/grandtour\/andere-touren\/usa-07\/","title":{"rendered":"USA 07"},"content":{"rendered":"<p>Amerika in der \u00c4ra Bush. Irgendwie sind die da dr\u00fcben alle Idioten. Kriegsbegeistert, autoverr\u00fcckt, Waffennarren. Hmmm, das wollen wir doch mal sehen.<\/p>\n<p>P\u00fcnktlich zum &#8222;Happy Canada Day&#8220; sind wir am 1.7.2007 in Vancouver\u00a0 und drei Tage sp\u00e4ter am &#8222;Independence Day&#8220; in den Vereinigten Staaten.<\/p>\n<p>Dann gings weiter die Ostk\u00fcste hinunter immer an Pazifik entlang, vorbei an Seatle und Portland bis nach San Francisco. Beim R\u00fcckflug war dann noch ein Stop-Over f\u00fcr 3 Tage in New York angesagt, bevor uns nach einem Monat American Way of Traffic Wien wieder hat.<\/p>\nngg_shortcode_0_placeholder\n","protected":false},"excerpt":{"rendered":"<p>Amerika in der \u00c4ra Bush. Irgendwie sind die da dr\u00fcben alle Idioten. Kriegsbegeistert, autoverr\u00fcckt, Waffennarren. Hmmm, das wollen wir doch mal sehen. P\u00fcnktlich zum &#8222;Happy Canada Day&#8220; sind wir am 1.7.2007 in Vancouver\u00a0 und drei Tage sp\u00e4ter am &#8222;Independence Day&#8220; in den Vereinigten Staaten. Dann gings weiter die Ostk\u00fcste hinunter immer an Pazifik entlang, vorbei [&hellip;]<\/p>\n","protected":false},"author":1,"featured_media":0,"parent":12,"menu_order":2,"comment_status":"closed","ping_status":"closed","template":"","meta":{"ngg_post_thumbnail":0,"footnotes":""},"_links":{"self":[{"href":"http:\/\/www.christophulbrich.at\/grandtour\/wp-json\/wp\/v2\/pages\/42"}],"collection":[{"href":"http:\/\/www.christophulbrich.at\/grandtour\/wp-json\/wp\/v2\/pages"}],"about":[{"href":"http:\/\/www.christophulbrich.at\/grandtour\/wp-json\/wp\/v2\/types\/page"}],"author":[{"embeddable":true,"href":"http:\/\/www.christophulbrich.at\/grandtour\/wp-json\/wp\/v2\/users\/1"}],"replies":[{"embeddable":true,"href":"http:\/\/www.christophulbrich.at\/grandtour\/wp-json\/wp\/v2\/comments?post=42"}],"version-history":[{"count":6,"href":"http:\/\/www.christophulbrich.at\/grandtour\/wp-json\/wp\/v2\/pages\/42\/revisions"}],"predecessor-version":[{"id":221,"href":"http:\/\/www.christophulbrich.at\/grandtour\/wp-json\/wp\/v2\/pages\/42\/revisions\/221"}],"up":[{"embeddable":true,"href":"http:\/\/www.christophulbrich.at\/grandtour\/wp-json\/wp\/v2\/pages\/12"}],"wp:attachment":[{"href":"http:\/\/www.christophulbrich.at\/grandtour\/wp-json\/wp\/v2\/media?parent=42"}],"curies":[{"name":"wp","href":"https:\/\/api.w.org\/{rel}","templated":true}]}}